ppose 3*o - 20 = -o. Let f = -1 + o. Let h(y) = -y + 2. What is h(f)?
-2
Let m(w) = -4*w**2 + 13*w. Let z(o) = -3*o**2 + 13*o + 1. Let q(t) = 4*m(t) - 5*z(t). Let a be q(-13). Let k(n) = -n**3 - 4*n**2 + 6*n. Calculate k(a).
-5
Let b(z) = -z**2 + 6*z - 5. Suppose -5*o = -3*d + 2*d + 10, 0 = 3*d - 2*o + 9. Let j be 2*1*(-2)/4. Let n be 2/j + 2 - d. Calculate b(n).
0
Let q(w) = -w**3 - 5*w**2 + 5*w - 1. Let b be q(-6). Let d(m) = -m**3 + 6*m**2 - 6*m + 3. Calculate d(b).
-2
Let n(j) = -j**3 + 2*j**2 + 3*j - 3. Suppose 9 = 8*x - 5*x. Determine n(x).
-3
Let p(n) be the third derivative of -n**6/120 + n**5/12 + 3*n**4/8 - 3*n**3/2 - 2*n**2. Suppose -h - 3 = b + 2*h, -4*b + 12 = 4*h. Give p(b).
9
Let w(a) = a**2 - a - 1. Let j be w(1). Let h(f) be the third derivative of 1/12*f**4 + 4*f**2 - 1/40*f**6 + 1/6*f**3 + 0 + 0*f + 0*f**5. What is h(j)?
2
Let z(j) = j**3 + 2*j**2 - 4*j - 3. Let u(m) = -m**3 + 6*m**2 - 6*m + 1. Let r be u(5). Determine z(r).
-19
Suppose 0*u = 5*u + 25, -1 = x - u. Let z(p) = p - 5. Let m(k) = 1. Let i(h) = 2*m(h) + z(h). Calculate i(x).
-9
Suppose 2*a = 4*a - 14. Let l(m) = m**3 - 6*m**2 - 9*m + 6. Give l(a).
-8
Let h(d) = d**3 + 3*d**2 - d + 1. Let j be h(-3). Suppose 4*l - 7*l + 3 = 0. Let m(f) = j - 4 - f - l. What is m(1)?
-2
Let l(u) = 5*u - 2. Suppose 2*i + 3*w = 5, 0*i + 6 = 3*i + 3*w. Let m be (-1 + -1)*-1*i. Determine l(m).
8
Let t(u) = -u**3 + 12*u**2 + 4*u - 52. Let r be t(12). Let z(s) = 2 - s - 2 + 4. What is z(r)?
8
Let x(c) = c**2 - 2*c + 2. Suppose -5 + 3 = -w. Let r be x(w). Let l(m) = -4 - 3*m**r + 2*m**3 - m + 0 - 3*m**3. Calculate l(-3).
-1
Suppose 17 - 2 = -5*f. Let d(g) = g**2 + 2*g + 2. Let t(m) = -m**2 - 3*m - 3. Let k(n) = f*t(n) - 4*d(n). Let i be -1*2/(0 + 2). What is k(i)?
-1
Let q be 85/35 + 3/(-7). Let c(s) = -2*s**2 + 8 + 0 + 3*s**q + s - 2. Determine c(0).
6
Let z(l) = -4 + 0 - 2*l + 2. Suppose -i = -3*i + 4. Give z(i).
-6
Let w(x) be the third derivative of 1/3*x**3 + x**2 - 1/12*x**4 + 0*x + 0. Let n be w(3). Let r(i) = 2*i + 3. What is r(n)?
-5
Let p = 21 - 18. Let c(s) be the first derivative of 2*s**2 - 5*s + 1/3*s**p + 3. Calculate c(-5).
0
Suppose 0 = c + 2*c - 5*d - 3, 3*c - 3 = 4*d. Let x(z) be the second derivative of -z**4/12 + z**3/6 - z**2/2 - 2*z + 23. Calculate x(c).
-1
Suppose -2*t + 17 + 43 = 0. Let o = t - 21. Let j be (-2)/o + 29/9. Let d(g) = g**3 - 4*g**2 + 5*g - 4. What is d(j)?
2
Let p(w) = -4*w - 4. Let h(q) = -q**2. Let y(f) = f**3 + 16*f**2 + 15*f + 2. Let l be y(-15). Let a be h(l). Give p(a).
12
Let f = 8 + -6. Let q(w) = 10*w**2 - 2*w - 8*w**2 + 5 - w**3 - f. Determine q(2).
-1
Let w(r) = -r**2 - 6*r - 1. Let a be w(-5). Let f(h) = 2 + a*h - 8*h - 3 + 0. Calculate f(1).
-5
Let g(k) = -k. Let m(b) = 8*b. Let x(r) = -r - 1. Let a(w) = m(w) + 5*x(w). Let y(v) = -a(v) - 2*g(v). Let i = -12 - -7. Calculate y(i).
10
Let d(j) = j**2 + 2*j - 2. Suppose -w - 3 = -5*a - 21, 0 = 2*a - 2*w + 12. Give d(a).
1
Let a(f) = -7*f - 7. Let i(v) = v. Let c(n) = a(n) + 5*i(n). What is c(-6)?
5
Suppose n = -1, -2*u + 5*n - 2 = -3. Let q(t) = 3*t. Calculate q(u).
-6
Suppose x + 2 = -5*n, -5*n = -2*x + 5 + 6. Let s(c) = -6*c**2 - c - 1. Determine s(n).
-6
Let b(h) = h**3 + 6*h**2 + 4*h - 1. Let o be b(-5). Let j(u) be the third derivative of -u**5/60 + u**4/6 - u**3 - 6*u**2. Determine j(o).
-6
Let z = -33 - -23. Let v be (-2)/z + 38/10. Let k(l) = 5 + 0*l - 9*l + 8*l. Calculate k(v).
1
Let c(r) = r**3 - r + 1. Let s(j) = -3*j**3 + j**2 + 3*j - 2. Let q(o) = 2*c(o) + s(o). Calculate q(1).
1
Let r(d) = d + 1. Let o(z) = -2*z - 1. Let p(t) = 3*o(t) + 5*r(t). Let k be (-3)/((-12)/(-8)*-1). Give p(k).
0
Let q be (-1)/(-2)*-2*1. Let u(m) be the first derivative of m**5/120 + m**4/12 - 2*m**3/3 - 2. Let p(x) be the third derivative of u(x). Calculate p(q).
1
Let g(i) be the first derivative of i**3/3 + 7*i**2/2 + 2*i + 15. Calculate g(-5).
-8
Let b(o) = -2*o**2 + 8*o + 9. Let x be b(5). Let u(y) = 4*y**3 - 2*y - 1. What is u(x)?
-3
Let s(d) be the first derivative of 5 + 1/2*d**2 - 1/3*d**3 + 0*d. Determine s(3).
-6
Suppose -4*o - 21 = 5*n, -2*n - 11 + 1 = 2*o. Let c(t) = -6*t + 1. Calculate c(n).
7
Let x = 14 + -11. Let z = x + -7. Let p(r) = -r**2 - 6*r - 1. Calculate p(z).
7
Let l(g) be the second derivative of -g**4/6 + g**3/6 + g**2/2 + 2*g. Let k(i) = -i**3 - 3*i**2 + i + 2. Let z be k(-1). What is l(z)?
-2
Let q(h) = -2*h - 3. Suppose 12 = -4*a - 4*s, 2*s - 4 - 2 = 2*a. Let f(u) = -u - 3. Let m(r) = a*q(r) + 4*f(r). Determine m(2).
1
Let c(w) be the first derivative of w**4/4 + 8*w**3/3 + 5*w**2/2 - 8*w - 36. Calculate c(-7).
6
Let j(b) = -b**2 - 4*b + 8. Let i be j(-6). Let q(g) = -g - 9. What is q(i)?
-5
Let a(i) = i**3 - 5*i**2 - i + 5. Let h be 2/6*3 + -1. Let f(z) = z. Let s be f(h). Let m = s - -5. Calculate a(m).
0
Let w(j) be the first derivative of 1/4*j**4 + 2 - 6*j + 0*j**3 + 0*j**2. Let s(y) = -y**3 - y. Let m be s(0). Determine w(m).
-6
Let f(z) = -2*z - 3. Let g(b) = b + 2. Let v(w) = -2*f(w) - 5*g(w). What is v(7)?
-11
Let l(q) = q + 7. Suppose 0 = 66*r - 73*r - 56. Calculate l(r).
-1
Let g(u) = u**2 - 3*u + 2. Let t be -1*(-2 - 4*-1). Let o be 1 - (4 + t + 0). Let c be (-4)/((-2)/((-1)/o)). Give g(c).
0
Suppose 3*u + 6*u - 18 = 0. Let s(k) = -2*k**3 + 2*k**2 + 3*k - 3. What is s(u)?
-5
Let i(f) = -67*f - f**3 + 6 - 8*f**2 + f**2 + 62*f. Suppose 3*q + m + m = -18, -2*q + 4*m - 12 = 0. Calculate i(q).
0
Let c be (4 + 5/(-2))*14. Suppose 5*s + 1 = c. Let w(n) = -n - 4. What is w(s)?
-8
Let h(m) = 4*m**2. Let l be h(-1). Let u be l/6 + 92/(-12). Let y(j) = -j**3 - 8*j**2 - 9*j - 8. Determine y(u).
6
Let r be (0 + -1)/((-6)/12). Suppose -2*q = r*q - o - 25, 0 = 4*q - 2*o - 22. Let f = q + -5. Let a(z) = z**3 + z**2 - 2*z. What is a(f)?
8
Suppose 14 - 1 = -m. Let c = -10 - m. Let n(u) = -2*u - 3*u + 2*u**2 - u**3 - c + 7*u. Determine n(2).
1
Let k(d) = d**3 + 7*d**2 + 3. Let u be k(-7). Let y(i) = -3*i + 0 - u + 0 + 1. Let l be (-2)/((-4)/3)*-2. Determine y(l).
7
Let y be -2 + 1 - (0 - 5). Let z(a) = a + 12. Let j(o) = o + 13. Let v(h) = y*j(h) - 5*z(h). Determine v(-6).
-2
Let v be (-468)/60 - (-2)/(-10). Let d(j) = -j**2 - 7*j + 3. Calculate d(v).
-5
Let l(v) = v**3 - 5*v**2 - 6*v + 8. Suppose -4*g - 3*y + 12 = -g, 2*y + 10 = g. Calculate l(g).
8
Let h be (-6)/21 - 38/14. Let k(f) be the second derivative of f**4/12 + f**3/6 + f**2/2 + 37*f. Calculate k(h).
7
Let j(g) be the first derivative of g**2/2 + 4. Calculate j(0).
0
Let z = -9 + 12. Let o(g) = 0*g + 0*g - z + g + 7. What is o(-4)?
0
Let g(p) = p + 1. Let i be g(1). Suppose -20 = -3*l - 4*c, -1 + 25 = 5*l + i*c. Let q(m) = m + 1. Calculate q(l).
5
Let h(t) = -t**3 - 5*t**2 + 7*t + 7. Let s = 11 + -5. Suppose 6 = -s*u + 5*u. Calculate h(u).
1
Let h(j) = 11*j**3 - 9*j**2 - 14*j + 4. Let c(s) = -4*s**2 + 7*s**2 + 2*s**3 - 1 - 6*s**3 + 5*s. Let l(w) = 8*c(w) + 3*h(w). What is l(3)?
-2
Let z(i) = 11*i - 1. Let a(n) = 6*n. Let u(c) = -5*a(c) + 3*z(c). Let s(r) = 13*r - 13. Let v(m) = -4*s(m) + 18*u(m). What is v(3)?
4
Let k(r) = 6 - r + 4*r**2 - 2 - r**3 - 2*r - r. Determine k(3).
1
Suppose -5*p + 0*p - 13 = b, 2*b = p + 7. Let x(d) = 4*d - 2. Give x(b).
6
Let a(m) = -m - 3. Let n be 1/(-4 + 33/9). Calculate a(n).
0
Let s(n) = n**3 - n**2 - 3*n - 2. Let p(z) = -z**3 - 15*z**2 - 17*z - 39. Let d be p(-14). What is s(d)?
7
Let r(g) = 3*g**2 + g - 9. Let t(a) = a**2 - a - 1. Suppose 0*n - 4*n = 16, 4*n = 4*s - 20. Let y(c) = s*r(c) - 4*t(c). Suppose -2*h + h = -5. Give y(h).
-5
Let x = 23 + -17. Suppose x*s = 2*s. Let y(a) = -a**3 - a**2 + a - 1. What is y(s)?
-1
Let h be (3/(-3))/((-2)/10). Let z(r) = 5 + 30*r + 19*r - 50*r. Give z(h).
0
Let q(b) = 15*b + 1. Suppose -2*y = 7*y - 9. What is q(y)?
16
Let k(t) = t**3 - t**2. Let u be k(2). Suppose 2*c - u*c = 0. Let r(h) = -h**2 - h. Calculate r(c).
0
Suppose 2*n + h - 33 = 0, 4*n + 4*h + 31 - 107 = 0. Let r be (n/4)/(4/(-8)). Let j(s) = s**2 + 6*s - 7. Give j(r).
0
Let w(a) = -a**2 + 6*a - 7. Suppose -2*g = -15 + 3. Give w(g).
-7
Let h(l) = 2*l + 3. Let r(g) = 5*g + 2. Let q(c) = 11*c + 4. Let v(f) = 4*q(f) - 9*r(f). Let i(o) = 3*h(o) + 5*v(o). What is i(3)?
2
Let w(z) be the second derivative of 7*z - 5/6*z**3 + 0 - z**2. Calculate w(-2).
8
Let m(t) be the third derivative